{"id":2890,"date":"2021-06-18T17:31:57","date_gmt":"2021-06-18T14:31:57","guid":{"rendered":"https:\/\/tddks2021.atauni.edu.tr\/?page_id=2890"},"modified":"2021-06-22T15:00:42","modified_gmt":"2021-06-22T12:00:42","slug":"yurtdisi-katilimcilar-ve-bildiri-basliklari","status":"publish","type":"page","link":"https:\/\/tddks2021.atauni.edu.tr\/index.php\/yurtdisi-katilimcilar-ve-bildiri-basliklari\/","title":{"rendered":"YURTDI\u015eI KATILIMCILAR VE B\u0130LD\u0130R\u0130 BA\u015eLIKLARI"},"content":{"rendered":"\n<p>Prof. Dr. Botir MATYAQUBOV: <em><strong>AVAZHAN DESTANININ M\u00dcZ\u0130KAL \u00d6ZELL\u0130KLER\u0130<\/strong><\/em><\/p>\n\n\n\n<p>Prof. Dr. Cabbar I\u015eANKUL: <em><strong>K\u00d6RO\u011eLU DESTANINDA ANA MOT\u0130FLER\u0130N \u0130NCELENMES\u0130<\/strong><\/em><\/p>\n\n\n\n<p>Prof. Dr. Ferit Yusupov: <em><strong>S\u0130B\u0130RYA TATARLARININ ALIPLAR HAKKINDAK\u0130 DESTANLAR \u2018AK K\u00d6B\u00d6\u041a\u2019 DESTANI<\/strong><\/em><\/p>\n\n\n\n<p>Prof. Dr. Fuzuli BAYAT: <em><strong>M\u0130TOLOJ\u0130K K\u00d6RO\u011eLU\u2019NDAN KA\u00c7AK (E\u015eKIYA) K\u00d6RO\u011eLU\u2019NA<\/strong><\/em><\/p>\n\n\n\n<p>Prof. Dr. Gulina CAMGIR\u00c7\u0130EVA: <em><strong>K\u00d6RO\u011eLU DESTANI T\u00dcRK BOYLARININ ULU M\u0130RASI<\/strong><\/em><\/p>\n\n\n\n<p>Prof. Dr. Guzaliya Haziyeva: <em><strong>TATAR\u2019IN M\u0130TOR\u0130T\u00dcEL GELENE\u011e\u0130NDEK\u0130 \u0130YELER<\/strong><\/em><\/p>\n\n\n\n<p>Prof. Dr. Kurmanbek ABAK\u0130ROV: <em><strong>MANAS DESTANININ ETN\u0130K HAR\u0130TASI<\/strong><\/em><\/p>\n\n\n\n<p>Prof. Dr. Mamatqul JORAYEV: <em><strong>ALTIN KABAK DESTANININ \u00d6ZBEK VARYANTLARI VE K\u00d6RO\u011eLU DA\u0130RES\u0130NDEK\u0130 YER\u0130<\/strong><\/em><\/p>\n\n\n\n<p>Prof. Dr. Mayen XAMZIN: <em><strong>K\u00d6RO\u011eLU DESTANI VE T\u00dcRK D\u00dcNYASI<\/strong><\/em><\/p>\n\n\n\n<p>Prof. Dr. Salimahon MIRZAYEVA-Do\u00e7. Dr. Sherali TURG\u2019UNOV: <em><strong>\u00d6ZBEK DESTANCILIK GELENE\u011e\u0130NDE SEVG\u0130 DESTANLARININ YER\u0130 VE \u00d6ZELL\u0130KLER\u0130<\/strong><\/em><\/p>\n\n\n\n<p>Prof. Dr. Shomirza TURD\u0130MOV: <em><strong>K\u00d6RO\u011eLU\u2019NUN \u015eECERES\u0130N\u0130 BEL\u0130RLEMEDE \u00d6NEML\u0130 B\u0130R MOT\u0130F: OLA\u011eAN\u00dcST\u00dc CEN\u0130N<\/strong><\/em><\/p>\n\n\n\n<p>Do\u00e7. Dor. Zilola ESHANOVA: <em><strong>K\u00d6RO\u011eLU DA\u0130RES\u0130NE MENSUP DESTANLARDA EP\u0130K MEK\u00c2NA \u0130L\u0130\u015eK\u0130N KAHRAMANLAR<\/strong><\/em><\/p>\n\n\n\n<p>Do\u00e7. Dr. Abdimurod TILOVOV: <em><strong>K\u00d6RO\u011eLU DESTANLARINDA AT MOT\u0130F\u0130<\/strong><\/em><\/p>\n\n\n\n<p>Do\u00e7. Dr. \u00c7olpon TOLUBAYEVA: <em><strong>MANAS DESTANINDA ADAP-AHLAK MESELELER\u0130N YANSIMALARI<\/strong><\/em><\/p>\n\n\n\n<p>Do\u00e7. Dr. Erkin MUSURMANOV: <em><strong>\u00d6ZBEK K\u00d6RO\u011eLU DA\u0130RES\u0130NE MENSUP DESTANLARIN KEND\u0130NE HAS \u00d6ZELL\u0130KLER\u0130<\/strong><\/em><\/p>\n\n\n\n<p>Do\u00e7. Dr. Fidan GASIMOVA: <em><strong>K\u0130TAB-I DEDE KORKUT, K\u00d6RO\u011eLU VE KELT DESTANLARINDA KAHRAMAN VE YARDIMCILARININ T\u0130POLOJ\u0130S\u0130<\/strong><\/em><\/p>\n\n\n\n<p>Do\u00e7. Dr. Maxbubaxon TEMIROVA: <em><strong>KAHRAMANLIK DESTANLARININ GENEL VE \u00d6ZEL YANLARI<\/strong><\/em><\/p>\n\n\n\n<p>Do\u00e7. Dr. Meerim K\u00d6LBAYEVA: <em><strong>T\u00dcRK BOYLARININ EP\u0130K M\u0130RASLARINDAK\u0130 GELENEKSEL MOT\u0130FLER: MANAS, ALPAMI\u015e, K\u00d6RO\u011eLU<\/strong><\/em><\/p>\n\n\n\n<p>Do\u00e7. Dr. Naile ASKER: <em><strong>K\u00d6RO\u011eLU DESTANININ AZERBAYCAN VE T\u00dcRKMEN VARYANTLARINDA EP\u0130K KAHRAMANIN T\u0130POLOJ\u0130S\u0130<\/strong><\/em><\/p>\n\n\n\n<p>Do\u00e7. Dr. Nasiba SABIROVA: <em><strong>HAREZM DESTANCILIK MEKTEPLER\u0130 VE ONLARIN KEND\u0130NE HAS \u00d6ZELL\u0130KLER\u0130<\/strong><\/em><\/p>\n\n\n\n<p>Do\u00e7. Dr. Nazira CUMA\u015eOVA: <em><strong>MANAS DESTANINDAK\u0130 ZOOMORF\u0130K TOTEM\u0130ZM<\/strong><\/em><\/p>\n\n\n\n<p>Dr. Kaliya KULAL\u0130YEVA: <em><strong>MANAS VE K\u00d6RO\u011eLU DESTANLARINDAK\u0130 M\u0130TOLOJ\u0130K MOT\u0130FLER<\/strong><\/em><\/p>\n\n\n\n<p>Dr. Talgat BOLOTO\u011eLU: <em><strong>KURT TOTEM\u0130N\u0130N M\u0130TOLOJ\u0130K K\u00d6KENLER\u0130<\/strong><\/em><\/p>\n\n\n\n<p>Dr. Zarina KULBARAKOVA: <em><strong>MANAN DESTANINDAK\u0130 HAYAT KURALLARININ M\u0130LL\u00ce KODLARI<\/strong><\/em><\/p>\n\n\n\n<p>Ar\u015f. G\u00f6r. Alt\u0131nay ERMATOVA: <em><strong>DESTANLARDAK\u0130 KUTSAL A\u011eA\u00c7LARLA DA\u011eLARIN BENZERL\u0130KLER\u0130<\/strong><\/em><\/p>\n\n\n\n<p>Ar\u015f. G\u00f6r. Muxlisa AHMATOVA: <em><strong>\u00d6ZBEK BAH\u015eILIK GELENE\u011e\u0130 VE T\u00dcRK D\u00dcNYASI FOLKLORUNDAK\u0130 YER\u0130<\/strong><\/em><\/p>\n\n\n\n<p>\u00d6\u011fr. G\u00f6r. Aida KUL\u0130YEVA: <em><strong>MANAS VE K\u00d6RO\u011eLU DESTANLARINDA S\u0130LAHLARIN SANATSAL ANLATIMI VE FARKLILIKLARI<\/strong><\/em><\/p>\n\n\n\n<p>\u00d6\u011fr. G\u00f6r. Canar \u00d6M\u00dcRAL\u0130YEVA: <em><strong>KIRGIZ DESTANLARINDA BA\u015eKAHRAMANIN EVLENMES\u0130NDEK\u0130 M\u0130TOLOJ\u0130K UNSURLAR: \u2018ER T\u00d6\u015eT\u00dcK\u2019, \u2018JANI\u015e-BAYI\u015e\u2019, \u2018KURMANBEK\u2019<\/strong><\/em><\/p>\n\n\n\n<p>\u00d6\u011fr. G\u00f6r. Farrux JABBOROV: <em><strong>MEL\u0130KE AYYAR DESTANINDA D\u00d6N\u00dc\u015e\u00dcM MOT\u0130F\u0130 VE \u015eAKALENDER T\u0130P\u0130<\/strong><\/em><\/p>\n\n\n\n<p>\u00d6\u011fr. G\u00f6r. Salamat AYAPOV: <em><strong>K\u00d6RO\u011eLU DESTANININ KARAKALPAK VARYANTI<\/strong><\/em><\/p>\n\n\n\n<p>Bah\u015f\u0131 \u00d6\u011fretmen \u011eayratdin OTEMURTOV: <em><strong>KARAKALPAK BAH\u015eILARI REPERTUVARINDA K\u00d6RO\u011eLU DESTANI<\/strong><\/em><\/p>\n\n\n\n<p>Bah\u015f\u0131 \u00d6\u011fretmen Qahhor RAHIMOV: <em><strong>K\u00d6RO\u011eLU DA\u0130RES\u0130NE MENSUP DESTANLARIN YAYILIMI \u0130LE BU DESTANLARDAK\u0130 M\u00dc\u015eTEREK \u00dc\u00c7 TEMEL B\u0130LE\u015eEN\u0130N \u00d6NEM\u0130 VE M\u0130LL\u0130L\u0130\u011e\u0130<\/strong><\/em><\/p>\n","protected":false},"excerpt":{"rendered":"<p>Prof. Dr. Botir MATYAQUBOV: AVAZHAN DESTANININ M\u00dcZ\u0130KAL \u00d6ZELL\u0130KLER\u0130 Prof. Dr. Cabbar I\u015eANKUL: K\u00d6RO\u011eLU DESTANINDA ANA MOT\u0130FLER\u0130N \u0130NCELENMES\u0130 Prof. Dr. Ferit Yusupov: S\u0130B\u0130RYA TATARLARININ ALIPLAR HAKKINDAK\u0130 DESTANLAR \u2018AK K\u00d6B\u00d6\u041a\u2019 DESTANI Prof. Dr. Fuzuli BAYAT: M\u0130TOLOJ\u0130K K\u00d6RO\u011eLU\u2019NDAN KA\u00c7AK (E\u015eKIYA) K\u00d6RO\u011eLU\u2019NA Prof. Dr. Gulina CAMGIR\u00c7\u0130EVA: K\u00d6RO\u011eLU DESTANI T\u00dcRK BOYLARININ ULU M\u0130RASI Prof. Dr. Guzaliya Haziyeva: TATAR\u2019IN M\u0130TOR\u0130T\u00dcEL GELENE\u011e\u0130NDEK\u0130 [&hellip;]<\/p>\n","protected":false},"author":1,"featured_media":0,"parent":0,"menu_order":0,"comment_status":"closed","ping_status":"closed","template":"","meta":{"footnotes":""},"class_list":["post-2890","page","type-page","status-publish","hentry"],"_links":{"self":[{"href":"https:\/\/tddks2021.atauni.edu.tr\/index.php\/wp-json\/wp\/v2\/pages\/2890","targetHints":{"allow":["GET"]}}],"collection":[{"href":"https:\/\/tddks2021.atauni.edu.tr\/index.php\/wp-json\/wp\/v2\/pages"}],"about":[{"href":"https:\/\/tddks2021.atauni.edu.tr\/index.php\/wp-json\/wp\/v2\/types\/page"}],"author":[{"embeddable":true,"href":"https:\/\/tddks2021.atauni.edu.tr\/index.php\/wp-json\/wp\/v2\/users\/1"}],"replies":[{"embeddable":true,"href":"https:\/\/tddks2021.atauni.edu.tr\/index.php\/wp-json\/wp\/v2\/comments?post=2890"}],"version-history":[{"count":3,"href":"https:\/\/tddks2021.atauni.edu.tr\/index.php\/wp-json\/wp\/v2\/pages\/2890\/revisions"}],"predecessor-version":[{"id":2896,"href":"https:\/\/tddks2021.atauni.edu.tr\/index.php\/wp-json\/wp\/v2\/pages\/2890\/revisions\/2896"}],"wp:attachment":[{"href":"https:\/\/tddks2021.atauni.edu.tr\/index.php\/wp-json\/wp\/v2\/media?parent=2890"}],"curies":[{"name":"wp","href":"https:\/\/api.w.org\/{rel}","templated":true}]}}