{"id":143,"date":"2016-06-20T07:48:11","date_gmt":"2016-06-20T04:48:11","guid":{"rendered":"http:\/\/sw-themes.com\/porto_dummy\/?page_id=143"},"modified":"2021-06-18T13:55:56","modified_gmt":"2021-06-18T10:55:56","slug":"anasayfa","status":"publish","type":"page","link":"https:\/\/tddks2021.atauni.edu.tr\/","title":{"rendered":"ANA SAYFA"},"content":{"rendered":"<p>[vc_row wrap_container=&#8221;yes&#8221; el_class=&#8221;home-intro home-intro-primary&#8221;][vc_column][vc_column_text el_class=&#8221;m-b-none&#8221; css=&#8221;.vc_custom_1623662254440{padding-left: 250px !important;}&#8221;]<\/p>\n<p style=\"text-align: center;\"><strong>ULUSLARARASI T\u00dcRK D\u00dcNYASINDA DESTAN VE K\u00d6RO\u011eLU\u00a0 <em>SEMPOZYUMU<\/em><\/strong><\/p>\n<p>[\/vc_column_text][\/vc_column][\/vc_row][vc_row animation_delay=&#8221;100&#8243; animation_type=&#8221;fadeInUp&#8221; css=&#8221;.vc_custom_1623661567783{margin-top: 10px !important;}&#8221;][vc_column width=&#8221;1\/2&#8243;][vc_single_image image=&#8221;2864&#8243; img_size=&#8221;full&#8221; alignment=&#8221;center&#8221; label=&#8221;&#8221;][\/vc_column][vc_column width=&#8221;1\/2&#8243;][vc_single_image image=&#8221;2865&#8243; img_size=&#8221;full&#8221; alignment=&#8221;center&#8221; label=&#8221;&#8221;][\/vc_column][\/vc_row]<\/p>\n","protected":false},"excerpt":{"rendered":"<p>[vc_row wrap_container=&#8221;yes&#8221; el_class=&#8221;home-intro home-intro-primary&#8221;][vc_column][vc_column_text el_class=&#8221;m-b-none&#8221; css=&#8221;.vc_custom_1623662254440{padding-left: 250px !important;}&#8221;] ULUSLARARASI T\u00dcRK D\u00dcNYASINDA DESTAN VE K\u00d6RO\u011eLU\u00a0 SEMPOZYUMU [\/vc_column_text][\/vc_column][\/vc_row][vc_row animation_delay=&#8221;100&#8243; animation_type=&#8221;fadeInUp&#8221; css=&#8221;.vc_custom_1623661567783{margin-top: 10px !important;}&#8221;][vc_column width=&#8221;1\/2&#8243;][vc_single_image image=&#8221;2864&#8243; img_size=&#8221;full&#8221; alignment=&#8221;center&#8221; label=&#8221;&#8221;][\/vc_column][vc_column width=&#8221;1\/2&#8243;][vc_single_image image=&#8221;2865&#8243; img_size=&#8221;full&#8221; alignment=&#8221;center&#8221; label=&#8221;&#8221;][\/vc_column][\/vc_row]<\/p>\n","protected":false},"author":1,"featured_media":0,"parent":0,"menu_order":0,"comment_status":"closed","ping_status":"closed","template":"","meta":{"footnotes":""},"class_list":["post-143","page","type-page","status-publish","hentry"],"_links":{"self":[{"href":"https:\/\/tddks2021.atauni.edu.tr\/index.php\/wp-json\/wp\/v2\/pages\/143","targetHints":{"allow":["GET"]}}],"collection":[{"href":"https:\/\/tddks2021.atauni.edu.tr\/index.php\/wp-json\/wp\/v2\/pages"}],"about":[{"href":"https:\/\/tddks2021.atauni.edu.tr\/index.php\/wp-json\/wp\/v2\/types\/page"}],"author":[{"embeddable":true,"href":"https:\/\/tddks2021.atauni.edu.tr\/index.php\/wp-json\/wp\/v2\/users\/1"}],"replies":[{"embeddable":true,"href":"https:\/\/tddks2021.atauni.edu.tr\/index.php\/wp-json\/wp\/v2\/comments?post=143"}],"version-history":[{"count":10,"href":"https:\/\/tddks2021.atauni.edu.tr\/index.php\/wp-json\/wp\/v2\/pages\/143\/revisions"}],"predecessor-version":[{"id":2866,"href":"https:\/\/tddks2021.atauni.edu.tr\/index.php\/wp-json\/wp\/v2\/pages\/143\/revisions\/2866"}],"wp:attachment":[{"href":"https:\/\/tddks2021.atauni.edu.tr\/index.php\/wp-json\/wp\/v2\/media?parent=143"}],"curies":[{"name":"wp","href":"https:\/\/api.w.org\/{rel}","templated":true}]}}